at is 30 + 47?
77
In base 2, what is -101 - 111110?
-1000011
In base 5, what is -111200 + -13?
-111213
In base 15, what is 11 + -b?
5
In base 12, what is -b - 475?
-484
In base 16, what is -7 + 449?
442
In base 5, what is -3021 + 4?
-3012
In base 11, what is 3 - -51?
54
In base 9, what is 27 + -32?
-4
In base 14, what is 3c + -2?
3a
In base 5, what is -10000 + -10?
-10010
In base 16, what is fb5 + -5?
fb0
In base 6, what is 5 - -314?
323
In base 11, what is 68 + -3?
65
In base 6, what is -3422 - -5?
-3413
In base 5, what is -1012143 + 1?
-1012142
In base 4, what is 10 + 2033?
2103
In base 4, what is -12 + -302000?
-302012
In base 8, what is -65 + 15?
-50
In base 7, what is 1501 + 2?
1503
In base 7, what is -16 - 615?
-634
In base 2, what is 0 + 10011001?
10011001
In base 6, what is -130 + -2?
-132
In base 2, what is 1 + -1111001110?
-1111001101
In base 14, what is -2 - 19?
-1b
In base 4, what is -20332 - 32?
-21030
In base 6, what is -14 - 4153?
-4211
In base 5, what is -10 - 1122?
-1132
In base 5, what is 1 - 22301?
-22300
In base 3, what is -1 - 211202?
-211210
In base 8, what is 122 + 5?
127
In base 2, what is -10011 + 10?
-10001
In base 13, what is -c - -19a?
18b
In base 11, what is 7a07 + -1?
7a06
In base 2, what is -101110000 - 101?
-101110101
In base 3, what is 2221 + -2101?
120
In base 14, what is 1 + -61?
-60
In base 13, what is 14 - -179?
190
In base 4, what is -2323 - -3?
-2320
In base 14, what is 4 - 1346?
-1342
In base 4, what is -1000 + 11?
-323
In base 12, what is 5a + 6?
64
In base 16, what is -5 - 3b1?
-3b6
In base 5, what is 243 - -21?
314
In base 15, what is -26 + -51?
-77
In base 10, what is -173 - -59?
-114
In base 7, what is -1 + -23541?
-23542
In base 14, what is 2a0c - -1?
2a0d
In base 14, what is 3 - -752?
755
In base 9, what is 6 + 16?
23
In base 6, what is -2225 + -5?
-2234
In base 3, what is -10 + 12010?
12000
In base 12, what is -2b0 + 15?
-297
In base 15, what is 129 - 3?
126
In base 5, what is -41440 + 1?
-41434
In base 6, what is 4 - 225?
-221
In base 15, what is 8a3 - -3?
8a6
In base 4, what is 11002 + 10?
11012
In base 12, what is -3b2 - -3?
-3ab
In base 4, what is 3303 - -20?
3323
In base 2, what is 11001 + 10?
11011
In base 10, what is 10190 - -2?
10192
In base 6, what is 30 - -52?
122
In base 9, what is 1 + -174?
-173
In base 15, what is -21 + 3?
-1d
In base 10, what is -3 - 1879?
-1882
In base 5, what is -4 - 13303?
-13312
In base 6, what is 1 + -153?
-152
In base 15, what is -5ee + 2?
-5ec
In base 4, what is -10 - -1210312?
1210302
In base 5, what is -4 - -223?
214
In base 15, what is -3 - -45?
42
In base 12, what is 6 + 0?
6
In base 5, what is 10 + 30?
40
In base 6, what is -4 + 525?
521
In base 10, what is -3 - 26?
-29
In base 8, what is -5 + -2124?
-2131
In base 15, what is -4 + -ad?
-b2
In base 14, what is 5 - 361?
-35a
In base 12, what is 1857 - -2?
1859
In base 2, what is 1000100 + 1?
1000101
In base 15, what is -31 - 1b4?
-1e5
In base 4, what is -2 - -102?
100
In base 15, what is -39 + -8?
-42
In base 15, what is 2 - 1?
1
In base 13, what is -10 - -11?
1
In base 2, what is 1 + -1000101111000?
-1000101110111
In base 13, what is 1015 - -5?
101a
In base 11, what is -193 - 27?
-20a
In base 13, what is 93 + -5?
8b
In base 8, what is 13 + 12?
25
In base 11, what is 1137 + 17?
1153
In base 2, what is -1 - -111100?
111011
In base 12, what is -3 - -69?
66
In base 15, what is 3 - -12?
15
In base 16, what is -a - -67d?
673
In base 16, what is 3 + 86?
89
In base 8, what is 0 - 3263?
-3263
In base 12, what is a - 51a?
-510
In base 14, what is 3 - -cc?
d1
In base 9, what is 16658 - 3?
16655
In base 7, what is -4 + -1030?
-1034
In base 3, what is 2002002 + 0?
2002002
In base 16, what is 90 + -31?
5f
In base 16, what is 4 + a9?
ad
In base 6, what is -5510 + -10?
-5520
In base 16, what is 0 - -1db0?
1db0
In base 5, what is 1414 + 1?
1420
In base 16, what is -13d + -3?
-140
In base 10, what is -1 + -505?
-506
In base 16, what is -a + -9?
-13
In base 4, what is -10033 - 33?
-10132
In base 11, what is 11 - -119?
12a
In base 13, what is -14 + 85?
71
In base 11, what is 144 + 7?
150
In base 15, what is 122 - 6?
11b
In base 7, what is -43 - 30?
-103
In base 6, what is -2 + 1510?
1504
In base 8, what is -70007 - 3?
-70012
In base 2, what is 11110 + -11?
11011
In base 14, what is -48 + 1?
-47
In base 11, what is 6a0 + -3?
698
In base 5, what is 3 - -120?
123
In base 11, what is -7 + -19?
-25
In base 8, what is 31 - 331?
-300
In base 12, what is -5 - a2?
-a7
In base 16, what is 4193 - 1?
4192
In base 14, what is dcb - -1?
dcc
In base 8, what is -323 - 0?
-323
In base 4, what is -21 + 1100?
1013
In base 7, what is 5 + -1261?
-1253
In base 12, what is 3 + a3?
a6
In base 6, what is 20 - 110?
-50
In base 15, what is -a + -10?
-1a
In base 5, what is -122200 + 0?
-122200
In base 4, what is 31011 - -2?
31013
In base 6, what is 21 - -31?
52
In base 10, what is -4 - -65?
61
In base 8, what is -20 - 1646?
-1666
In base 8, what is -1631 - 1?
-1632
In base 4, what is 1 + -13?
-12
In base 16, what is 253 + 0?
253
In base 15, what is -5 - ee?
-104
In base 10, what is 729 + -2?
727
In base 10, what is -128 + 10?
-118
In base 15, what is -4 - 1c?
-21
In base 6, what is 42220 - -1?
42221
In base 14, what is 1011 + -9?
1006
In base 10, what is 0 + 3574?
3574
In base 2, what is -100110101110 - 110?
-100110110100
In base 2, what is 1 + 1111110?
1111111
In base 8, what is 5 + 1?
6
In base 15, what is 3 + -2d?
-2a
In base 13, what is -7 + 61?
57
In base 15, what is d - -3d?
4b
In base 12, what is 39 - -7?
44
In base 5, what is -24 + -1?
-30
In base 10, what is -4 + 1645?
1641
In base 6, what is 122443 - -3?
122450
In base 15, what is -3 - c1?
-c4
In base 8, what is -4367 + 3?
-4364
In base 12, what is 9 + -169?
-160
In base 10, what is -4 - 60?
-64
In base 10, what is 5 + 281?
286
In base 2, what is 111101 - 1011?
110010
In base 5, what is 110 - 12?
43
In base 16, what is -23 + 0?
-23
In base 10, what is -5 - 22?
-27
In base 14, what is 91 - 6?
89
In base 12, what is 5 - 277?
-272
In base 13, what is 21 - -9?
2a
In base 16, what is 9c + -4?
98
In base 3, what is 1212 - 12020?
-10101
In base 12, what is 4 + 212?
216
In base 14, what is -2 + 320?
31c
In base 2, what is 1 - 110010101?
-110010100
In base 9, what is 7 + -68?
-61
In base 10, what is -112 + 2?
-110
In base 11, what is 10a05 - -1?
10a06
In base 2, what is 10 + -111?
-101
In base 13, what is 19656 + 5?
1965b
In base 13, what is 4 - 99?
-95
In base 13, what is 170 + -7?
166
In base 6, what is 21 - -2121?
2142
In base 9, what is 133 - -3?
136
In base 11, what is 1 - 3162?
-3161
In base 10, what is -47 - 16?
-63
In base 4, what is -1303 - 13?
-1322
In base 11, what is 0 - -678?
678
In base 9, what is 238 - 23?
215
In base 8, what is 31 + 4?
35
In base 4, what is -3021 + -113?
-3200
In base 10, what is 8 - 2?
6
In base 9, what is 2 + 28?
31
In base 14, what is -278a + 2?
-2788
In base 2, what is 110101 - -11?
111000
In base 4, what is -332 - 102?
-1100
In base 4, what is -20310 - 2?
-20312
In base 7, what is -41001 + 2?
-40666
In base 7, what is -3413 + -5?
-3421
In base 2, what is -1000100 + 100?
-1000000
In base 12, what is 0 + -45?
-45
In base 7, what is -250 + -103?
-353
In base 11, what is -2 + -4?
-6
In base 13, what is 2 + -29?
-27
In base 2, what is 1010 - 101010?
-100000
In base 10, what is -4 - 8956?
-8960
In base 14, what is 1 - 30?
-2d
In base 9, what is 757 - 2?
755
In base 6, what is -5 + 4232?
4223
In base 8, what is 1 + 132?
133
In base 10, what is 330 - 7?
323
In base 10, what is -5 - -30?
25
In base 14, what is 32 - -3?
35
In base 6, what is 13 + 134?
151
In base 7, what is -10 + -140?
-150
In base 15, what is -81c - -b?
-811
In base 16, what is -2d - 7?
-34
In base 3, what is 2220 - 1020?
1200
In base 16, what is 4 - 22?
-1e
In base 10, what is 127 + 12?
139
In base 5, what is -32 - 2420?
-3002
In base 15, what is 2a + -19?
11
In base 16, what is -2 - c?
-e
In base 12, what is 0 + -9?
-9
In base 14, what is 4 - 358?
-354
In base 16, what is 29 + -37?
-e
In base 7, what is -30 + 25?
-2
In base 11, what is -24 - -16?
-9
In base 12, what is 1220 + -4?
1218
In base 5, what is 322 + 21?
343
In base 7, what is 5 + -225?
-220
In base 7, what is -215 + 5?
-210
In base 4, what